{"version":"1.0","provider_name":"Notizen aus dem M\u00fcnchner Stadtrat","provider_url":"https:\/\/anne-huebner.de\/wp","author_name":"Anne H\u00fcbner","author_url":"https:\/\/anne-huebner.de\/wp\/author\/wp_admin\/","title":"Zwischenbilanz nach einem halben Jahr - Notizen aus dem M\u00fcnchner Stadtrat","type":"rich","width":600,"height":338,"html":"<blockquote class=\"wp-embedded-content\" data-secret=\"94AbSy5wkk\"><a href=\"https:\/\/anne-huebner.de\/wp\/2014\/11\/zwischenbilanz-nach-einem-halben-jahr\/\">Zwischenbilanz nach einem halben Jahr<\/a><\/blockquote><iframe sandbox=\"allow-scripts\" security=\"restricted\" src=\"https:\/\/anne-huebner.de\/wp\/2014\/11\/zwischenbilanz-nach-einem-halben-jahr\/embed\/#?secret=94AbSy5wkk\" width=\"600\" height=\"338\" title=\"&#8222;Zwischenbilanz nach einem halben Jahr&#8220; &#8211; Notizen aus dem M\u00fcnchner Stadtrat\" data-secret=\"94AbSy5wkk\" frameborder=\"0\" marginwidth=\"0\" marginheight=\"0\" scrolling=\"no\" class=\"wp-embedded-content\"><\/iframe><script type=\"text\/javascript\">\n\/* <![CDATA[ *\/\n\/*! This file is auto-generated *\/\n!function(d,l){\"use strict\";l.querySelector&&d.addEventListener&&\"undefined\"!=typeof URL&&(d.wp=d.wp||{},d.wp.receiveEmbedMessage||(d.wp.receiveEmbedMessage=function(e){var t=e.data;if((t||t.secret||t.message||t.value)&&!\/[^a-zA-Z0-9]\/.test(t.secret)){for(var s,r,n,a=l.querySelectorAll('iframe[data-secret=\"'+t.secret+'\"]'),o=l.querySelectorAll('blockquote[data-secret=\"'+t.secret+'\"]'),c=new RegExp(\"^https?:$\",\"i\"),i=0;i<o.length;i++)o[i].style.display=\"none\";for(i=0;i<a.length;i++)s=a[i],e.source===s.contentWindow&&(s.removeAttribute(\"style\"),\"height\"===t.message?(1e3<(r=parseInt(t.value,10))?r=1e3:~~r<200&&(r=200),s.height=r):\"link\"===t.message&&(r=new URL(s.getAttribute(\"src\")),n=new URL(t.value),c.test(n.protocol))&&n.host===r.host&&l.activeElement===s&&(d.top.location.href=t.value))}},d.addEventListener(\"message\",d.wp.receiveEmbedMessage,!1),l.addEventListener(\"DOMContentLoaded\",function(){for(var e,t,s=l.querySelectorAll(\"iframe.wp-embedded-content\"),r=0;r<s.length;r++)(t=(e=s[r]).getAttribute(\"data-secret\"))||(t=Math.random().toString(36).substring(2,12),e.src+=\"#?secret=\"+t,e.setAttribute(\"data-secret\",t)),e.contentWindow.postMessage({message:\"ready\",secret:t},\"*\")},!1)))}(window,document);\n\/* ]]> *\/\n<\/script>\n","description":"Nachdem ich ja leider nicht so wirklich dazu komme, diese Seite regelm\u00e4\u00dfig zu bedienen, ist das auch einer meiner guten Vors\u00e4tze f\u00fcr das kommende Jahr. F\u00fcr den neuen Blog unserer Stadtratsfraktion habe ich den folgenden Text geschrieben: \u201eUnd, wie findest du es jetzt so?\u201c Diese und \u00e4hnliche Fragen bekomme ich st\u00e4ndig gestellt. Von Freunden, der Familie, Kolleginnen und Kollegen, aus der Partei und von ganz vielen anderen Interessierten. Gemeint ist, wie es mir denn so im Stadtrat gef\u00e4llt. Und die Antwort, die ich dann meist gebe, ist: \u201eIch wei\u00df es noch nicht.\u201c Nach einem guten halben Jahr ist es sicher"}

Notizen aus dem Münchner Stadtrat

Anne Hübner

Zwischenbilanz nach einem halben Jahr - Notizen aus dem Münchner Stadtrat

<blockquote class="wp-embedded-content" data-secret="94AbSy5wkk"><a href="https://anne-huebner.de/wp/2014/11/zwischenbilanz-nach-einem-halben-jahr/">Zwischenbilanz nach einem halben Jahr</a></blockquote><iframe sandbox="allow-scripts" security="restricted" src="https://anne-huebner.de/wp/2014/11/zwischenbilanz-nach-einem-halben-jahr/embed/#?secret=94AbSy5wkk" width="600" height="338" title="&#8222;Zwischenbilanz nach einem halben Jahr&#8220; &#8211; Notizen aus dem Münchner Stadtrat" data-secret="94AbSy5wkk" frameborder="0" marginwidth="0" marginheight="0" scrolling="no" class="wp-embedded-content"></iframe><script type="text/javascript">
/* <![CDATA[ */
/*! This file is auto-generated */
!function(d,l){"use strict";l.querySelector&&d.addEventListener&&"undefined"!=typeof URL&&(d.wp=d.wp||{},d.wp.receiveEmbedMessage||(d.wp.receiveEmbedMessage=function(e){var t=e.data;if((t||t.secret||t.message||t.value)&&!/[^a-zA-Z0-9]/.test(t.secret)){for(var s,r,n,a=l.querySelectorAll('iframe[data-secret="'+t.secret+'"]'),o=l.querySelectorAll('blockquote[data-secret="'+t.secret+'"]'),c=new RegExp("^https?:$","i"),i=0;i<o.length;i++)o[i].style.display="none";for(i=0;i<a.length;i++)s=a[i],e.source===s.contentWindow&&(s.removeAttribute("style"),"height"===t.message?(1e3<(r=parseInt(t.value,10))?r=1e3:~~r<200&&(r=200),s.height=r):"link"===t.message&&(r=new URL(s.getAttribute("src")),n=new URL(t.value),c.test(n.protocol))&&n.host===r.host&&l.activeElement===s&&(d.top.location.href=t.value))}},d.addEventListener("message",d.wp.receiveEmbedMessage,!1),l.addEventListener("DOMContentLoaded",function(){for(var e,t,s=l.querySelectorAll("iframe.wp-embedded-content"),r=0;r<s.length;r++)(t=(e=s[r]).getAttribute("data-secret"))||(t=Math.random().toString(36).substring(2,12),e.src+="#?secret="+t,e.setAttribute("data-secret",t)),e.contentWindow.postMessage({message:"ready",secret:t},"*")},!1)))}(window,document);
/* ]]> */
</script>

Nachdem ich ja leider nicht so wirklich dazu komme, diese Seite regelmäßig zu bedienen, ist das auch einer meiner guten Vorsätze für das kommende Jahr. Für den neuen Blog unserer Stadtratsfraktion habe ich den folgenden Text geschrieben: „Und, wie findest du es jetzt so?“ Diese und ähnliche Fragen bekomme ich ständig gestellt. Von Freunden, der Familie, Kolleginnen und Kollegen, aus der Partei und von ganz vielen anderen Interessierten. Gemeint ist, wie es mir denn so im Stadtrat gefällt. Und die Antwort, die ich dann meist gebe, ist: „Ich weiß es noch nicht.“ Nach einem guten halben Jahr ist es sicher
